 the remainder when 136 is divided by y.
3
Let a = 123 + 99. What is the remainder when a is divided by 15?
12
Let d = -11 + 21. Let b = d - -1. What is the remainder when b is divided by 3?
2
Let p(o) = o**3 + 9*o**2 + 13*o + 24. What is the remainder when 83 is divided by p(-7)?
21
Let j(d) = -5*d + 20. Suppose 0*r + 15 = r. Suppose t + 3*x - x - r = 0, -5*t + 31 = -x. Calculate the remainder when t is divided by j(3).
2
Let d = -890 - -1096. Calculate the remainder when d is divided by 13.
11
Suppose 2*c = 3*c. Let l(v) = v**3 - 17*v**2 - 19*v + 20. Calculate the remainder when l(18) is divided by -1 + 0 + 3 - c.
0
Suppose 2*m + 16 = y, m - 2 = -1. Suppose -y = 3*x - 6*x. Suppose 10 = x*z - 26. Calculate the remainder when 16 is divided by z.
4
Let y = 169 + -124. What is the remainder when 112 is divided by y?
22
Suppose -5*n = 20, 3*i - 115 = -5*n - 21. What is the remainder when 175 is divided by i?
23
Suppose 3*k - 15 - 12 = 0. What is the remainder when 23 is divided by k?
5
Let m(c) = -c**3 - 13*c**2 - c - 11. Let t be m(-13). Let r be (3 - t) + (-6)/(-1). Let j(f) = 4*f - 9. Calculate the remainder when j(r) is divided by 11.
8
Suppose 2*p = 3*p - 127. Let f(b) = 2*b**2 - 9*b - 5. Let a be f(-7). Calculate the remainder when p is divided by a/(-2)*3/(-9).
23
Suppose z - 19 = 11. Calculate the remainder when 104 is divided by z.
14
Suppose -3*w = -2*f + 319, -5*w = -16 - 9. What is the remainder when f is divided by 40?
7
Suppose 2*s + 0*s - 604 = 5*t, -s - 118 = t. Let y = t + 203. Calculate the remainder when y is divided by 17.
15
Let g(z) = -z + 5. Let j be g(6). Calculate the remainder when 0 + 91 + j + 0 is divided by 23.
21
Suppose -2*v - 3*v + 10 = 0. Suppose v*n + 3*n = 130. What is the remainder when n is divided by (2/(-6))/((-84)/81 - -1)?
8
Suppose -5*s = -500 - 75. Suppose 4*d - s = -d. What is the remainder when ((-126)/4 + 0)*128/(-96) is divided by d?
19
Let n(a) = -9*a - 26. Let c(f) = -2*f**2 - 6*f - 5. Let k be c(-3). What is the remainder when n(k) is divided by 10?
9
Suppose 0 = -5*t + j - 2*j - 12, 4*t + 3*j + 3 = 0. What is the remainder when (-575)/(-69) - 2/t is divided by 4?
1
Let d(p) = p**2 + 4*p + 5. Let l(z) = z**2 - 7*z + 10. Let w be l(8). Suppose -7 = -w*f + 17*f. Calculate the remainder when f is divided by d(-3).
1
What is the remainder when 110 is divided by 1*((-576)/6)/(-4)?
14
Calculate the remainder when 40 is divided by ((-138)/(-24) + -5)/((-3)/(-32)).
0
Suppose -330 = 5*f - 10*f. What is the remainder when f is divided by 58?
8
Let u(y) = -y**2 + 12*y + 12. Let z(q) = -q + 18. Let w be z(8). Let j be u(w). Let a = 56 - j. What is the remainder when a is divided by 13?
11
Let t = -38 - -39. Let r(l) be the first derivative of 13*l**4/4 - l**3/3 + 3*l**2/2 - 2*l + 2. What is the remainder when r(t) is divided by 5?
3
What is the remainder when (-7500)/40*(-8)/6 is divided by 42?
40
Let i(h) = h**3 + 5*h**2 - 31*h - 103. What is the remainder when i(-3) is divided by 3?
2
Let g(a) = -a**3 - 4*a**2 + 3*a - 7. Let n be g(-5). Let t(j) = 5*j**2 - 2 + 2*j - 2 - 2 - j**n. Calculate the remainder when t(4) is divided by 7.
4
Let i(y) = 2*y**2 + 28*y + 216. What is the remainder when i(-6) is divided by 65?
55
Calculate the remainder when 8360/70 - 6/14 is divided by 10.
9
Suppose -7*u + 1155 = -1022. Calculate the remainder when u is divided by 35.
31
Suppose 3*p - 168 = -48. What is the remainder when 66 is divided by p?
26
Suppose 5*q - 12*q = -399. Calculate the remainder when q is divided by 38.
19
Suppose l + 6*q = 3*q + 105, -5*q - 525 = -5*l. What is the remainder when l is divided by 100?
5
Let t(z) = z**2 + 16*z - 28. What is the remainder when t(4) is divided by -28*3*3/(-18)?
10
Let g be (32/(-24))/(2/(-6)). Suppose -g*m + 28 = -40. Suppose 59 + 5 = 2*f. Calculate the remainder when f is divided by m.
15
Suppose 10*m - 56 = 6*m. Let g = 31 - m. What is the remainder when 29 is divided by g?
12
Let g = -15 + 18. Suppose -20 = g*z - 23. Let n = z - -4. Calculate the remainder when 24 is divided by n.
4
Let v = -944 - -962. What is the remainder when v is divided by 8?
2
Let c(a) = -15*a - 6. Calculate the remainder when 184 is divided by c(-3).
28
Let i(b) = -b**3 - 3*b**2 - 4*b - 3. Let w be i(-2). What is the remainder when 47 is divided by -3*w/2 + (-35)/(-2)?
15
Suppose -4*b - 3 = -5*b. Let h(g) = 2*g - 3 + 4 - b + 7. Calculate the remainder when h(7) is divided by 10.
9
Suppose 101 = 3*q - 13. Let n(l) = -l**3 + 5*l**2 + 7*l + 2. What is the remainder when q is divided by n(6)?
6
Let w = -77 - -62. Let y = w + 27. What is the remainder when 20 is divided by y?
8
Suppose 3 = -4*f + 11. Let w(n) = 3*n**f + 3*n**2 + 3*n + n**2 + n - 3. What is the remainder when w(2) is divided by 7?
5
What is the remainder when 127 is divided by 190/(-45) - 10/(-45) - -39?
22
Let k = -65 - -58. Let i(o) = -o**3 - 8*o**2 - 11*o - 7. What is the remainder when 82 is divided by i(k)?
19
Let w(k) = -3 + 101 + 5*k - 47. Calculate the remainder when w(-6) is divided by 9.
3
Suppose -884 = -19*s - 15*s. Suppose 29 + 16 = 5*w - 4*o, -w + 9 = 3*o. What is the remainder when s is divided by w?
8
Suppose 0 = 3*h + 5*m - 902, h - m - 157 - 157 = 0. Calculate the remainder when h is divided by 85.
54
Let t(x) = -5*x**3 + 4*x + 4. Let g be t(-3). Suppose -4*a = -2*k - g - 201, a - 77 = -2*k. Suppose -y + a = 2*y. What is the remainder when y is divided by 15?
12
Let d(i) be the first derivative of -i**4/4 - 5*i**3/3 - i**2/2 - i + 3. Let s be d(-5). Suppose -38 = -s*l + 26. What is the remainder when 30 is divided by l?
14
Let t(r) = -65*r**3 - 2*r**2 + 6. Calculate the remainder when t(-2) is divided by 52.
50
What is the remainder when 123 is divided by 130/8 - 5/(12 - -8)?
11
Let p(v) = 2*v**2 - 6*v + 7. Let i be 4/(20/15) + 1. Let g be p(i). Calculate the remainder when 38 is divided by 0*5/g - -13.
12
Let x = 18 - -42. Suppose 7*s + 578 - 690 = 0. Calculate the remainder when x is divided by s.
12
Let f = 96 - 78. Let h = -37 - -64. Let a = h - f. What is the remainder when 25 is divided by a?
7
Suppose 256 = -21*x + 29*x. Calculate the remainder when 94 is divided by x.
30
Let r be 8/(-2 + -2) + 4. Let j(k) = k**3 - 2*k**2 - k. Let a be j(r). Calculate the remainder when 13 is divided by a/3 + 161/21.
6
Suppose 39*c + 36348 = 36816. Let y be 2/3*(-45)/(-6). Suppose 2*a + 0*x = -2*x + 46, 46 = 2*a + y*x. Calculate the remainder when a is divided by c.
11
Suppose 138*s + 918 = 144*s. What is the remainder when s is divided by 32?
25
Suppose -3 = -5*l - 13. Calculate the remainder when (-3264)/(-60) + l/5 is divided by 14.
12
Let i(f) be the third derivative of -f**4/12 - f**3/3 + f**2. Suppose 11 = -0*d - d. Calculate the remainder when 39 is divided by i(d).
19
Let w(j) = -3*j**3 - 17*j**2 - 2*j + 5. Calculate the remainder when w(-6) is divided by 17 - 1*(-1 - 0).
17
Let h(x) = -x**3 - 4*x**2 + 20*x - 5. Let m be h(-7). Suppose -18*k + m = -394. Let g(p) = -8*p**3 - p - 1. Calculate the remainder when g(-2) is divided by k.
21
Suppose 65*x - 3121 = 1494. Calculate the remainder when x is divided by 30.
11
Let n(w) = 4*w**3 - 5*w**2 + 3*w + 1. Let t(p) = p**2 - 16*p + 31. Let l be t(14). Calculate the remainder when n(l) is divided by 15.
13
Let p(l) = -3*l**3 + 3*l**2 + 11*l + 4. Calculate the remainder when p(-3) is divided by 22.
13
Suppose 19 = o - 13. What is the remainder when 125 is divided by o?
29
Let j(b) = 23*b + 9. Let m be j(-3). Let s = 91 + m. What is the remainder when s is divided by 18?
13
Suppose -z - 150 = -6*z. Suppose -32 = 2*p + 32. Let x = p - -43. Calculate the remainder when z is divided by x.
8
Let w(t) = -24*t - 128. What is the remainder when 397 is divided by w(-6)?
13
Let j = 1608 + -1521. Suppose -5*v + 20 = 0, -3*v + 15 + 9 = 4*c. Suppose c*q - 7*q + 120 = -r, 0 = 4*r. Calculate the remainder when j is divided by q.
27
Let d = -32 + 63. Let f(y) = y**2 - 5*y + 2. Let p be f(7). Suppose -6*g - 289 = -5*h - 2*g, -4*g + p = 0. Calculate the remainder when h is divided by d.
30
Suppose l - y - 4*y = 44, 3*l - y = 174. Let i = -35 + l. What is the remainder when 70 is divided by i?
22
Let n(i) = -1 - 2 - 3*i + 0*i - i. What is the remainder when n(-3) is divided by 4?
1
Calculate t